{"id":409,"date":"2026-02-16T15:38:50","date_gmt":"2026-02-16T15:38:50","guid":{"rendered":"https:\/\/christofmartin.de\/?page_id=409"},"modified":"2026-02-16T23:08:13","modified_gmt":"2026-02-16T23:08:13","slug":"portrait","status":"publish","type":"page","link":"https:\/\/christofmartin.de\/?page_id=409","title":{"rendered":"Portrait"},"content":{"rendered":"\t\t<div data-elementor-type=\"wp-page\" data-elementor-id=\"409\" class=\"elementor elementor-409\">\n\t\t\t\t\t\t<section class=\"elementor-section elementor-top-section elementor-element elementor-element-82eb7fa elementor-section-boxed elementor-section-height-default elementor-section-height-default\" data-id=\"82eb7fa\" data-element_type=\"section\">\n\t\t\t\t\t\t<div class=\"elementor-container elementor-column-gap-default\">\n\t\t\t\t\t<div class=\"elementor-column elementor-col-100 elementor-top-column elementor-element elementor-element-cc40f57\" data-id=\"cc40f57\" data-element_type=\"column\">\n\t\t\t<div class=\"elementor-widget-wrap elementor-element-populated\">\n\t\t\t\t\t\t<div class=\"elementor-element elementor-element-57b9bae elementor-widget elementor-widget-text-editor\" data-id=\"57b9bae\" data-element_type=\"widget\" data-widget_type=\"text-editor.default\">\n\t\t\t\t<div class=\"elementor-widget-container\">\n\t\t\t\t\t\t\t\t\t<p>Ich suche nicht das Spektakul\u00e4re, sondern das Echte.<br data-start=\"1268\" data-end=\"1271\" \/>In einem Blick, einer Haltung, einer leisen Geste.<br data-start=\"1321\" data-end=\"1324\" \/>Meine Portr\u00e4ts erz\u00e4hlen keine Geschichten \u2013<br data-start=\"1367\" data-end=\"1370\" \/>sie lassen Raum f\u00fcr eigene.<\/p>\t\t\t\t\t\t\t\t<\/div>\n\t\t\t\t<\/div>\n\t\t\t\t\t<\/div>\n\t\t<\/div>\n\t\t\t\t\t<\/div>\n\t\t<\/section>\n\t\t\t\t<section class=\"elementor-section elementor-top-section elementor-element elementor-element-e22b6b4 elementor-section-boxed elementor-section-height-default elementor-section-height-default\" data-id=\"e22b6b4\" data-element_type=\"section\">\n\t\t\t\t\t\t<div class=\"elementor-container elementor-column-gap-default\">\n\t\t\t\t\t<div class=\"elementor-column elementor-col-100 elementor-top-column elementor-element elementor-element-0fd1814\" data-id=\"0fd1814\" data-element_type=\"column\">\n\t\t\t<div class=\"elementor-widget-wrap elementor-element-populated\">\n\t\t\t\t\t\t<div class=\"elementor-element elementor-element-a211886 elementor-widget elementor-widget-image\" data-id=\"a211886\" data-element_type=\"widget\" data-widget_type=\"image.default\">\n\t\t\t\t<div class=\"elementor-widget-container\">\n\t\t\t\t\t\t\t\t\t\t\t\t\t\t\t<img fetchpriority=\"high\" decoding=\"async\" width=\"1000\" height=\"750\" src=\"https:\/\/christofmartin.de\/wp-content\/uploads\/2026\/02\/P1060944-Mittel.webp\" class=\"attachment-large size-large wp-image-418\" alt=\"\" srcset=\"https:\/\/christofmartin.de\/wp-content\/uploads\/2026\/02\/P1060944-Mittel.webp 1024w, https:\/\/christofmartin.de\/wp-content\/uploads\/2026\/02\/P1060944-Mittel-300x225.webp 300w, https:\/\/christofmartin.de\/wp-content\/uploads\/2026\/02\/P1060944-Mittel-768x576.webp 768w, https:\/\/christofmartin.de\/wp-content\/uploads\/2026\/02\/P1060944-Mittel-600x450.webp 600w\" sizes=\"(max-width: 1000px) 100vw, 1000px\" \/>\t\t\t\t\t\t\t\t\t\t\t\t\t\t\t<\/div>\n\t\t\t\t<\/div>\n\t\t\t\t<div class=\"elementor-element elementor-element-1dc9c73 elementor-widget elementor-widget-image\" data-id=\"1dc9c73\" data-element_type=\"widget\" data-widget_type=\"image.default\">\n\t\t\t\t<div class=\"elementor-widget-container\">\n\t\t\t\t\t\t\t\t\t\t\t\t\t\t\t<img decoding=\"async\" width=\"683\" height=\"1024\" src=\"https:\/\/christofmartin.de\/wp-content\/uploads\/2026\/02\/C72_6349_DxO-683x1024.webp\" class=\"attachment-large size-large wp-image-414\" alt=\"\" srcset=\"https:\/\/christofmartin.de\/wp-content\/uploads\/2026\/02\/C72_6349_DxO-683x1024.webp 683w, https:\/\/christofmartin.de\/wp-content\/uploads\/2026\/02\/C72_6349_DxO-200x300.webp 200w, https:\/\/christofmartin.de\/wp-content\/uploads\/2026\/02\/C72_6349_DxO-768x1152.webp 768w, https:\/\/christofmartin.de\/wp-content\/uploads\/2026\/02\/C72_6349_DxO-1024x1536.webp 1024w, https:\/\/christofmartin.de\/wp-content\/uploads\/2026\/02\/C72_6349_DxO-600x900.webp 600w, https:\/\/christofmartin.de\/wp-content\/uploads\/2026\/02\/C72_6349_DxO.webp 1280w\" sizes=\"(max-width: 683px) 100vw, 683px\" \/>\t\t\t\t\t\t\t\t\t\t\t\t\t\t\t<\/div>\n\t\t\t\t<\/div>\n\t\t\t\t<div class=\"elementor-element elementor-element-9ab61dd elementor-widget elementor-widget-image\" data-id=\"9ab61dd\" data-element_type=\"widget\" data-widget_type=\"image.default\">\n\t\t\t\t<div class=\"elementor-widget-container\">\n\t\t\t\t\t\t\t\t\t\t\t\t\t\t\t<img decoding=\"async\" width=\"768\" height=\"1024\" src=\"https:\/\/christofmartin.de\/wp-content\/uploads\/2026\/02\/P2260734_Nik_1_DxO-768x1024.webp\" class=\"attachment-large size-large wp-image-415\" alt=\"\" srcset=\"https:\/\/christofmartin.de\/wp-content\/uploads\/2026\/02\/P2260734_Nik_1_DxO-768x1024.webp 768w, https:\/\/christofmartin.de\/wp-content\/uploads\/2026\/02\/P2260734_Nik_1_DxO-225x300.webp 225w, https:\/\/christofmartin.de\/wp-content\/uploads\/2026\/02\/P2260734_Nik_1_DxO-1152x1536.webp 1152w, https:\/\/christofmartin.de\/wp-content\/uploads\/2026\/02\/P2260734_Nik_1_DxO-600x800.jpg 600w, https:\/\/christofmartin.de\/wp-content\/uploads\/2026\/02\/P2260734_Nik_1_DxO.webp 1440w\" sizes=\"(max-width: 768px) 100vw, 768px\" \/>\t\t\t\t\t\t\t\t\t\t\t\t\t\t\t<\/div>\n\t\t\t\t<\/div>\n\t\t\t\t<div class=\"elementor-element elementor-element-d03c721 elementor-widget elementor-widget-image\" data-id=\"d03c721\" data-element_type=\"widget\" data-widget_type=\"image.default\">\n\t\t\t\t<div class=\"elementor-widget-container\">\n\t\t\t\t\t\t\t\t\t\t\t\t\t\t\t<img loading=\"lazy\" decoding=\"async\" width=\"768\" height=\"1024\" src=\"https:\/\/christofmartin.de\/wp-content\/uploads\/2026\/02\/P2260723-768x1024.webp\" class=\"attachment-large size-large wp-image-416\" alt=\"\" srcset=\"https:\/\/christofmartin.de\/wp-content\/uploads\/2026\/02\/P2260723-768x1024.webp 768w, https:\/\/christofmartin.de\/wp-content\/uploads\/2026\/02\/P2260723-225x300.webp 225w, https:\/\/christofmartin.de\/wp-content\/uploads\/2026\/02\/P2260723-1152x1536.webp 1152w, https:\/\/christofmartin.de\/wp-content\/uploads\/2026\/02\/P2260723-scaled.webp 1440w, https:\/\/christofmartin.de\/wp-content\/uploads\/2026\/02\/P2260723-600x800.webp 600w\" sizes=\"(max-width: 768px) 100vw, 768px\" \/>\t\t\t\t\t\t\t\t\t\t\t\t\t\t\t<\/div>\n\t\t\t\t<\/div>\n\t\t\t\t\t<\/div>\n\t\t<\/div>\n\t\t\t\t\t<\/div>\n\t\t<\/section>\n\t\t\t\t<\/div>\n\t\t","protected":false},"excerpt":{"rendered":"<p>Ich suche nicht das Spektakul\u00e4re, sondern das Echte.In einem Blick, einer Haltung, einer leisen Geste.Meine Portr\u00e4ts erz\u00e4hlen keine Geschichten \u2013sie lassen Raum f\u00fcr eigene.<\/p>\n","protected":false},"author":1,"featured_media":0,"parent":0,"menu_order":0,"comment_status":"closed","ping_status":"closed","template":"","meta":{"footnotes":""},"class_list":["post-409","page","type-page","status-publish","hentry"],"_links":{"self":[{"href":"https:\/\/christofmartin.de\/index.php?rest_route=\/wp\/v2\/pages\/409","targetHints":{"allow":["GET"]}}],"collection":[{"href":"https:\/\/christofmartin.de\/index.php?rest_route=\/wp\/v2\/pages"}],"about":[{"href":"https:\/\/christofmartin.de\/index.php?rest_route=\/wp\/v2\/types\/page"}],"author":[{"embeddable":true,"href":"https:\/\/christofmartin.de\/index.php?rest_route=\/wp\/v2\/users\/1"}],"replies":[{"embeddable":true,"href":"https:\/\/christofmartin.de\/index.php?rest_route=%2Fwp%2Fv2%2Fcomments&post=409"}],"version-history":[{"count":4,"href":"https:\/\/christofmartin.de\/index.php?rest_route=\/wp\/v2\/pages\/409\/revisions"}],"predecessor-version":[{"id":422,"href":"https:\/\/christofmartin.de\/index.php?rest_route=\/wp\/v2\/pages\/409\/revisions\/422"}],"wp:attachment":[{"href":"https:\/\/christofmartin.de\/index.php?rest_route=%2Fwp%2Fv2%2Fmedia&parent=409"}],"curies":[{"name":"wp","href":"https:\/\/api.w.org\/{rel}","templated":true}]}}